{"id":5080,"date":"2024-09-25T08:35:02","date_gmt":"2024-09-25T06:35:02","guid":{"rendered":"https:\/\/lahtibasketball.fi\/?page_id=5080"},"modified":"2025-11-13T14:28:30","modified_gmt":"2025-11-13T12:28:30","slug":"vip-palvelut","status":"publish","type":"page","link":"https:\/\/lahtibasketball.fi\/index.php\/vip-palvelut\/","title":{"rendered":"VIP-palvelut"},"content":{"rendered":"\n<p class=\"wp-block-paragraph\"><strong>Amiko VIP Lounge<\/strong><\/p>\n\n\n\n<p class=\"wp-block-paragraph\">Otteluissa yrityksi\u00e4 palvelee viihtyis\u00e4 Amiko VIP Lounge, johon mahtuu 40 henke\u00e4. Yksi lippu sis\u00e4lt\u00e4\u00e4 ruokailun ennen ottelua, puoliaika kahvittelun sek\u00e4 ottelulipun. VIP-tilana toimii Suurhallin Jari kabinetti, josta on suora siirtym\u00e4 sis\u00e4kautta pelikent\u00e4lle ja katsomoon.\u00a0<br>Ennen ottelua loungessa p\u00e4\u00e4see kuuntelemaan p\u00e4\u00e4valmentaja Kristian Palotien pohdinnat ja vinkit illan otteluun. Lounge avautuu 1,5 h ennen ottelun alkua.<\/p>\n\n\n\n<p class=\"wp-block-paragraph\"><strong>Hinta 65 \u20ac per lippu. Alv 0%, sill\u00e4 olemme yhdistys.<\/strong> <\/p>\n\n\n\n<p class=\"wp-block-paragraph\"><strong>Juomalippujen hinnat: alkoholittomat 3,5 \u20ac ja alkoholilliset 6 \u20ac.<\/strong><\/p>\n\n\n\n<p class=\"wp-block-paragraph\"><strong>Alla lista loppuvuoden kotiotteluista, joissa Lounge on auki. <\/strong><\/p>\n\n\n\n<p class=\"wp-block-paragraph\">TI 21.10 Lahti Basketball &#8211; Salon Vilpas<\/p>\n\n\n\n<p class=\"wp-block-paragraph\">KE 5.11 Lahti Basketball &#8211; KTP<\/p>\n\n\n\n<p class=\"wp-block-paragraph\">LA 15.11 Lahti Basketball &#8211; Korihait<\/p>\n\n\n\n<p class=\"wp-block-paragraph\">KE 10.12 Lahti Basketball &#8211; Tampereen Pyrint\u00f6<\/p>\n\n\n\n<p class=\"wp-block-paragraph\">PE 19.12 Lahti Basketball &#8211; Honka<\/p>\n\n\n\n<p class=\"wp-block-paragraph\"><strong>Mik\u00e4li mielenkiintosi her\u00e4si, ota yhteytt\u00e4 myyntip\u00e4\u00e4llikk\u00f6\u00f6mme Niklas Honkaseen sopivan kokonaisuuden rakentamiseksi;&nbsp;<a href=\"mailto:niklas@lahtibasketball.fi\" target=\"_blank\" rel=\"noreferrer noopener\">niklas@lahtibasketball.fi<\/a>&nbsp;tai 0442542742<\/strong><\/p>\n\n\n\n<hr class=\"wp-block-separator\"\/>\n\n\n\n<p class=\"wp-block-paragraph\"><strong>Hannes sauna-aitio<\/strong><\/p>\n\n\n\n<p class=\"wp-block-paragraph\">Haluatko oman aition k\u00e4ytt\u00f6\u00f6nne ottelun ajaksi? Hannes-sauna toimii otteluissa aitiona, jossa voi viett\u00e4\u00e4 aikaa ennen ottelua, sen aikana ja j\u00e4lkeen. Tilaan mahtuu 15 henkil\u00f6\u00e4.&nbsp;<br>Tilaan p\u00e4\u00e4see 2 h ennen peli\u00e4 sek\u00e4 siell\u00e4 voi olla ottelun j\u00e4lkeen kuinka my\u00f6h\u00e4\u00e4n vain haluaa.<\/p>\n\n\n\n<p class=\"wp-block-paragraph\"><strong>Hinnoittelu:<br><br>400 \u20ac sis\u00e4lt\u00e4en tilavuokran ja saunan k\u00e4yt\u00f6n. Otteluliput 12 \u20ac \/ hl\u00f6.&nbsp;Alv 0%, sill\u00e4 olemme yhdistys.<\/strong> <strong>Ruuan voi ostaa lis\u00e4hintaan.<\/strong><\/p>\n\n\n\n<p class=\"wp-block-paragraph\">Aitioon voi tuoda omat juomat.&nbsp;<\/p>\n\n\n\n<p class=\"wp-block-paragraph\"><strong>Alla lista kotiotteluista, joissa sauna-aitio on auki. <\/strong><\/p>\n\n\n\n<p class=\"wp-block-paragraph\">PE 10.10 Lahti Basketball &#8211; Loimaan Bisons<\/p>\n\n\n\n<p class=\"wp-block-paragraph\">TI 21.10 Lahti Basketball &#8211; Salon Vilpas<\/p>\n\n\n\n<p class=\"wp-block-paragraph\">KE 5.11 Lahti Basketball &#8211; KTP<\/p>\n\n\n\n<p class=\"wp-block-paragraph\">LA 15.11 Lahti Basketball &#8211; Korihait<\/p>\n\n\n\n<p class=\"wp-block-paragraph\">KE 10.12 Lahti Basketball &#8211; Tampereen Pyrint\u00f6<\/p>\n\n\n\n<p class=\"wp-block-paragraph\">PE 19.12 Lahti Basketball &#8211; Tapiolan Honka<\/p>\n\n\n\n<p class=\"wp-block-paragraph\">Tiedustele pudotuspeleist\u00e4 suoraan niklas@lahtibasketball.fi<\/p>\n\n\n\n<p class=\"wp-block-paragraph\"><strong>Mik\u00e4li mielenkiintosi her\u00e4si, ota yhteytt\u00e4 myyntip\u00e4\u00e4llikk\u00f6\u00f6mme Niklas Honkaseen sopivan kokonaisuuden rakentamiseksi;&nbsp;<a href=\"mailto:niklas@lahtibasketball.fi\" target=\"_blank\" rel=\"noreferrer noopener\">niklas@lahtibasketball.fi<\/a>&nbsp;tai 0442542742<\/strong><\/p>\n","protected":false},"excerpt":{"rendered":"<p>Amiko VIP Lounge Otteluissa yrityksi\u00e4 palvelee viihtyis\u00e4 Amiko VIP Lounge, johon mahtuu 40 henke\u00e4. Yksi lippu sis\u00e4lt\u00e4\u00e4 ruokailun ennen ottelua, puoliaika kahvittelun sek\u00e4 ottelulipun. VIP-tilana toimii Suurhallin Jari kabinetti, josta on suora siirtym\u00e4 sis\u00e4kautta pelikent\u00e4lle ja katsomoon.\u00a0Ennen ottelua loungessa p\u00e4\u00e4see kuuntelemaan p\u00e4\u00e4valmentaja Kristian Palotien pohdinnat ja vinkit illan otteluun. Lounge avautuu 1,5 h ennen ottelun&#8230;<\/p>\n","protected":false},"author":1,"featured_media":0,"parent":0,"menu_order":0,"comment_status":"closed","ping_status":"closed","template":"","meta":{"_crdt_document":"","advanced_seo_description":"","jetpack_seo_html_title":"","jetpack_seo_noindex":false,"jetpack_post_was_ever_published":false,"footnotes":""},"class_list":["post-5080","page","type-page","status-publish","hentry"],"jetpack_sharing_enabled":true,"jetpack_shortlink":"https:\/\/wp.me\/PgVUN0-1jW","_links":{"self":[{"href":"https:\/\/lahtibasketball.fi\/index.php\/wp-json\/wp\/v2\/pages\/5080","targetHints":{"allow":["GET"]}}],"collection":[{"href":"https:\/\/lahtibasketball.fi\/index.php\/wp-json\/wp\/v2\/pages"}],"about":[{"href":"https:\/\/lahtibasketball.fi\/index.php\/wp-json\/wp\/v2\/types\/page"}],"author":[{"embeddable":true,"href":"https:\/\/lahtibasketball.fi\/index.php\/wp-json\/wp\/v2\/users\/1"}],"replies":[{"embeddable":true,"href":"https:\/\/lahtibasketball.fi\/index.php\/wp-json\/wp\/v2\/comments?post=5080"}],"version-history":[{"count":21,"href":"https:\/\/lahtibasketball.fi\/index.php\/wp-json\/wp\/v2\/pages\/5080\/revisions"}],"predecessor-version":[{"id":5867,"href":"https:\/\/lahtibasketball.fi\/index.php\/wp-json\/wp\/v2\/pages\/5080\/revisions\/5867"}],"wp:attachment":[{"href":"https:\/\/lahtibasketball.fi\/index.php\/wp-json\/wp\/v2\/media?parent=5080"}],"curies":[{"name":"wp","href":"https:\/\/api.w.org\/{rel}","templated":true}]}}